9107 and 4373.
4373
Calculate the highest common factor of 1352 and 135050032.
104
What is the highest common divisor of 48 and 18573744?
48
What is the greatest common factor of 345662 and 12068?
862
Calculate the highest common divisor of 964785980 and 140.
20
What is the greatest common divisor of 2474864 and 456?
152
Calculate the greatest common factor of 161469 and 256067.
1631
What is the highest common divisor of 31854101 and 165542?
6367
What is the highest common divisor of 18063 and 6241770?
2007
What is the highest common divisor of 11341 and 440?
11
What is the highest common divisor of 256 and 1770647040?
256
Calculate the greatest common divisor of 175032 and 12792.
312
What is the greatest common divisor of 23708380 and 10480?
2620
What is the highest common factor of 1817212 and 232?
4
Calculate the highest common factor of 2680 and 472413784.
536
What is the highest common divisor of 2734402 and 2750?
22
Calculate the greatest common divisor of 62 and 62253518.
62
Calculate the greatest common factor of 3575866 and 154.
14
Calculate the greatest common divisor of 7676 and 429452.
404
What is the greatest common factor of 264441 and 94965?
1461
What is the greatest common divisor of 4394 and 335478?
26
What is the highest common factor of 345 and 664410?
15
Calculate the highest common factor of 78368 and 64768.
32
What is the highest common divisor of 596880 and 10520?
40
Calculate the highest common divisor of 106411551 and 357.
51
What is the greatest common factor of 8925230 and 2?
2
Calculate the highest common factor of 179009892 and 108.
108
What is the highest common factor of 8365337 and 4109?
587
What is the greatest common divisor of 9664 and 54518248?
1208
Calculate the greatest common factor of 223985744 and 14195.
2839
Calculate the highest common divisor of 19703 and 1901919.
1159
Calculate the greatest common factor of 26900 and 7893536.
1076
What is the highest common factor of 1058644 and 51934?
46
Calculate the highest common factor of 892 and 7992097.
223
What is the highest common factor of 6 and 3950610?
6
What is the highest common factor of 98395 and 11649?
11
Calculate the greatest common factor of 102960 and 9503780.
2860
Calculate the greatest common factor of 2219649 and 241296.
1371
Calculate the highest common divisor of 1829 and 76410133.
1829
Calculate the highest common factor of 2448600 and 25300.
1100
What is the highest common factor of 5726028 and 385?
77
What is the highest common divisor of 346840 and 223560?
920
Calculate the greatest common divisor of 28607005 and 4760.
595
Calculate the highest common factor of 780 and 70861245.
195
What is the highest common factor of 71 and 12573?
1
What is the greatest common divisor of 5732 and 841566508?
5732
What is the highest common factor of 57006 and 794917?
3167
What is the greatest common factor of 3356573 and 561?
11
What is the highest common divisor of 28269996 and 49407?
1149
Calculate the greatest common divisor of 43089 and 216558.
159
What is the highest common factor of 58200724 and 24396?
8132
What is the greatest common divisor of 1032 and 230465208?
1032
What is the highest common divisor of 40264373 and 2301?
59
What is the highest common divisor of 2242256 and 1117952?
6352
Calculate the highest common factor of 4514 and 1360120.
74
What is the greatest common divisor of 12600 and 114981300?
6300
What is the greatest common factor of 2652 and 1582428?
204
Calculate the greatest common factor of 1 and 8841709.
1
Calculate the highest common factor of 2118227 and 42265.
79
Calculate the highest common factor of 213 and 1486669.
71
Calculate the greatest common factor of 11327 and 518457.
47
What is the greatest common divisor of 1064613 and 14289?
33
What is the greatest common factor of 85724 and 3513206?
1478
What is the greatest common divisor of 7641642 and 5018?
386
What is the greatest common divisor of 384724352 and 16?
16
Calculate the highest common divisor of 510160 and 80080.
560
What is the highest common factor of 14 and 122668?
14
Calculate the highest common factor of 694498 and 343298.
878
What is the highest common divisor of 6448 and 22986128?
496
Calculate the highest common divisor of 603378100 and 1300.
1300
What is the highest common divisor of 17011852 and 2?
2
Calculate the greatest common divisor of 896 and 1571444.
28
What is the greatest common divisor of 1091168 and 184?
8
Calculate the greatest common divisor of 24456109 and 158.
79
What is the greatest common divisor of 1588820832 and 9?
9
Calculate the highest common divisor of 1901144 and 728.
56
Calculate the greatest common factor of 442 and 40867286.
34
What is the highest common divisor of 359574 and 829?
1
Calculate the highest common divisor of 365751 and 27.
9
Calculate the highest common divisor of 47345783 and 3079.
3079
What is the highest common factor of 8227577 and 172?
43
Calculate the greatest common divisor of 10297 and 19705.
7
Calculate the greatest common factor of 52 and 5312.
4
Calculate the highest common factor of 239760 and 11736.
72
What is the greatest common factor of 960 and 17861440?
320
Calculate the highest common factor of 846 and 4150053.
423
Calculate the highest common factor of 375 and 499625.
125
What is the greatest common factor of 21791094 and 6632?
1658
Calculate the highest common factor of 961 and 2244245.
31
What is the greatest common divisor of 194184 and 3753?
27
What is the greatest common factor of 14261955 and 1035?
345
Calculate the highest common factor of 13488216 and 28.
28
What is the highest common factor of 455337470 and 2660?
1330
Calculate the greatest common factor of 10505 and 28916063.
2101
Calculate the greatest common factor of 3109590 and 5346.
1782
Calculate the highest common divisor of 402 and 333779997.
201
What is the greatest common factor of 41717 and 57369?
13
Calculate the greatest common factor of 6358 and 7783926.
578
Calculate the greatest common factor of 104 and 24623008.
8
Calculate the greatest common factor of 161 and 37170921.
23
Calculate the greatest common divisor of 3503228 and 472688.
3812
What is the greatest common divisor of 249 and 450205363?
83
What is the greatest common factor of 28644 and 21035784?
924
Calculate the greatest common divisor of 32 and 4851668.
4
What is the highest common divisor of 522 and 1489121?
29
What is the greatest common factor of 894192 and 29?
1
What is the greatest common factor of 9177 and 67353062?
3059
What is the greatest common divisor of 7878 and 40305161?
1313
What is the greatest common factor of 141652679 and 98?
49
What is the greatest common divisor of 231739 and 58865?
61
Calculate the greatest common factor of 969 and 3311624361.
969
Calculate the highest common factor of 1295162 and 3808.
34
Calculate the greatest common factor of 57531 and 54813.
453
What is the highest common factor of 63293501 and 57208?
7151
Calculate the greatest common factor of 3294312 and 784.
56
What is the greatest common divisor of 58254 and 418950?
798
Calculate the highest common factor of 8957 and 622379.
53
What is the highest common divisor of 96 and 34695272?
8
Calculate the highest common factor of 276434 and 29993.
89
What is the highest common factor of 26941480 and 40?
40
What is the highest common divisor of 153 and 582675?
51
Calculate the greatest common factor of 13 and 5468203.
13
Calculate the greatest common divisor of 130794475 and 3430.
1715
What is the highest common divisor of 1158081899 and 13?
13
What is the greatest common divisor of 35024 and 95491?
11
What is the greatest common divisor of 39935409 and 93?
93
What is the greatest common divisor of 6936 and 305949?
51
Calculate the greatest common divisor of 604106259 and 1107.
123
What is the greatest common divisor of 6893 and 148901?
61
Calculate the greatest common divisor of 486 and 457714314.
486
What is the greatest common divisor of 425659078 and 1468?
734
What is the highest common factor of 23308936 and 1512?
56
What is the greatest common divisor of 1117062768 and 212?
212
Calculate the greatest common factor of 27878193 and 19488.
609
Calculate the highest common divisor of 29810 and 19250.
110
What is the highest common factor of 325893 and 6?
